{"id":2,"date":"2010-09-19T12:01:14","date_gmt":"2010-09-19T10:01:14","guid":{"rendered":"http:\/\/www.3d-sign.de\/3d-sign\/?page_id=2"},"modified":"2023-06-18T20:01:43","modified_gmt":"2023-06-18T18:01:43","slug":"eine-seite","status":"publish","type":"page","link":"https:\/\/www.3d-sign.de\/?page_id=2","title":{"rendered":"3d-sign.de"},"content":{"rendered":"<p><a href=\"http:\/\/www.3d-sign.de\/wp-content\/uploads\/2021\/10\/100_9391_v1m.jpg\"><img decoding=\"async\" loading=\"lazy\" class=\"alignnone  wp-image-249\" src=\"http:\/\/www.3d-sign.de\/wp-content\/uploads\/2021\/10\/100_9391_v1m-300x225.jpg\" alt=\"\" width=\"599\" height=\"456\" \/><\/a><\/p>\n<p><strong>J\u00f6rg Langhorst<\/strong> schloss 1991 sein Studium an der HfG Offenbach als Diplom-Designer ab und ist seit mehr als 30 Jahren als Gestalter t\u00e4tig. Auftraggeber waren zum Beispiel Konzept F\u00fcnf (bis ca. 1996), Busse Design Ulm (1996 bis 1997), Botta Design (1997 bis 2005), das Historische Museum Frankfurt am Main, der Frankfurter Zoo, das Stadt- und Industriemuseum in R\u00fcsselsheim oder das Ensemble 9. November (E9N), f\u00fcr das er neben Drucksachen und Videodokumentationen auch die B\u00fchnenprojektionen zu mehreren Theater-Auff\u00fchrungen gestaltete. Seit 1991 ist er f\u00fcr den Fachbereich Design (vormals Produktgestaltung) der HfG Offenbach als Lehrer t\u00e4tig und Werkstattleiter im zentralen Computerlabor. Er vermittelt dort Grundlagen der computergest\u00fctzten Werkzeuge im Gestaltungsprozess. Dazu geh\u00f6ren unter anderen CAD-Modelling mit Rhino3D, Bildbearbeitung und Desktop Publishing.\u200b<\/p>\n<p><a href=\"http:\/\/www.3d-sign.de\/wp-content\/uploads\/2021\/10\/Arbeiten.jpg\"><img decoding=\"async\" loading=\"lazy\" class=\"alignnone  wp-image-250\" src=\"http:\/\/www.3d-sign.de\/wp-content\/uploads\/2021\/10\/Arbeiten-300x167.jpg\" alt=\"\" width=\"594\" height=\"341\" \/><\/a><\/p>\n<p><strong>Berufserfahrung<\/strong><\/p>\n<p>HfG Offenbach<br \/>\nLehrkraft f\u00fcr besondere Aufgaben<br \/>\nseit April 2020<br \/>\nPrototyping 2D \/ 3D, Medien im Design<\/p>\n<p>Laboringenieur und Lehrbeauftragter<br \/>\nNovember 1991 bis M\u00e4rz 2020<br \/>\nhttp:\/\/www.hfg-offenbach.de\/de\/people\/joerg-langhorst#person<\/p>\n<p>Enemble 9. November (E9N)<br \/>\nFreelance Graphic Designer<br \/>\nEnsemble 9. November (E9N)<br \/>\nseit 2006<br \/>\nFrankfurt am Main<br \/>\nPrintmedien, B\u00fchnenprojektionen, Kurzfilme<br \/>\nhttp:\/\/www.e9n.de\/a1__\/repertoire\/index.html<\/p>\n<p>Botta Design<br \/>\nFreelance Industrial Designer1997\u20132005<br \/>\nK\u00f6nigstein im Taunus<br \/>\nhttps:\/\/botta-produktdesign.de\/<\/p>\n<p>Busse Design Ulm<br \/>\nFreelance Industrial Designer<br \/>\nName des UnternehmensBusse Design Ulm<br \/>\n1996\u20131997<br \/>\nUlm Elchingen<\/p>\n<p>Ausbildung<br \/>\nHfG Offenbach<br \/>\nDiplom Designer<br \/>\nIndustrie- und Produktdesign<br \/>\n1985 \u2013 1991<\/p>\n","protected":false},"excerpt":{"rendered":"<p>J\u00f6rg Langhorst schloss 1991 sein Studium an der HfG Offenbach als Diplom-Designer ab und ist seit mehr als 30 Jahren als Gestalter t\u00e4tig. Auftraggeber waren zum Beispiel Konzept F\u00fcnf (bis ca. 1996), Busse Design Ulm (1996 bis 1997), Botta Design (1997 bis 2005), das Historische Museum Frankfurt am Main, der Frankfurter Zoo, das Stadt- und [&hellip;]<\/p>\n","protected":false},"author":2,"featured_media":0,"parent":0,"menu_order":0,"comment_status":"closed","ping_status":"closed","template":"","meta":[],"_links":{"self":[{"href":"https:\/\/www.3d-sign.de\/index.php?rest_route=\/wp\/v2\/pages\/2"}],"collection":[{"href":"https:\/\/www.3d-sign.de\/index.php?rest_route=\/wp\/v2\/pages"}],"about":[{"href":"https:\/\/www.3d-sign.de\/index.php?rest_route=\/wp\/v2\/types\/page"}],"author":[{"embeddable":true,"href":"https:\/\/www.3d-sign.de\/index.php?rest_route=\/wp\/v2\/users\/2"}],"replies":[{"embeddable":true,"href":"https:\/\/www.3d-sign.de\/index.php?rest_route=%2Fwp%2Fv2%2Fcomments&post=2"}],"version-history":[{"count":23,"href":"https:\/\/www.3d-sign.de\/index.php?rest_route=\/wp\/v2\/pages\/2\/revisions"}],"predecessor-version":[{"id":286,"href":"https:\/\/www.3d-sign.de\/index.php?rest_route=\/wp\/v2\/pages\/2\/revisions\/286"}],"wp:attachment":[{"href":"https:\/\/www.3d-sign.de\/index.php?rest_route=%2Fwp%2Fv2%2Fmedia&parent=2"}],"curies":[{"name":"wp","href":"https:\/\/api.w.org\/{rel}","templated":true}]}}